302344?
-14302341
In base 4, what is 1033333 + -1332?
1032001
In base 14, what is 1 - -28ca0?
28ca1
In base 13, what is 3 - -1109cb?
110a01
In base 14, what is -3 - 5c5b?
-5c60
In base 8, what is 16 - -253035?
253053
In base 9, what is 50231 - -3?
50234
In base 14, what is 10b36 - -9?
10b41
In base 5, what is -213101 - 10?
-213111
In base 5, what is -2043 - -2434?
341
In base 14, what is c3 + 15b9?
169c
In base 10, what is -3 - 236339?
-236342
In base 7, what is 5 + -616632?
-616624
In base 8, what is -336701 - -4?
-336675
In base 8, what is -2 - 116703?
-116705
In base 15, what is -30 + -3e?
-6e
In base 14, what is -91d5 - 4?
-91d9
In base 10, what is 25 + -1735?
-1710
In base 9, what is 20264 + 157?
20432
In base 4, what is -1332 - 22?
-2020
In base 7, what is -124405 + -4?
-124412
In base 14, what is -123213 + 3?
-123210
In base 15, what is 252 - 2?
250
In base 15, what is 11 + 6ce5b?
6ce6c
In base 9, what is 8 - 280?
-271
In base 12, what is -9 + 8b072?
8b065
In base 6, what is 505043 + 0?
505043
In base 4, what is 11 - 3311320?
-3311303
In base 15, what is -2ca2 + 36?
-2c6b
In base 7, what is 1 + 2031241?
2031242
In base 7, what is 1151520 + -1?
1151516
In base 11, what is -5 - -9930?
9926
In base 4, what is -22 + -100010?
-100032
In base 8, what is 1455 + -130?
1325
In base 13, what is -7 + -12828?
-12832
In base 6, what is 155420 + -135?
155241
In base 11, what is 1 + 35a49?
35a4a
In base 5, what is -134012433 - -3?
-134012430
In base 8, what is -3 - 3273660?
-3273663
In base 13, what is -24527 + -6?
-24530
In base 7, what is -11236 + 12?
-11224
In base 15, what is -6b2 + -22?
-6d4
In base 4, what is 1210133 - -320?
1211113
In base 11, what is 15a178 - 2?
15a176
In base 5, what is -44 - -443101?
443002
In base 16, what is 5e7 + 78?
65f
In base 15, what is -6a + -19?
-84
In base 15, what is -871 + 15?
-85b
In base 14, what is 0 + 366c3?
366c3
In base 3, what is 1101 - -12000202?
12002010
In base 6, what is -212215 - 3?
-212222
In base 14, what is 19b18d - -3?
19b192
In base 5, what is -233210 + 202?
-233003
In base 3, what is -11122 + 220100?
201201
In base 4, what is -33101 - -1133230?
1100123
In base 12, what is -5322 - 5?
-5327
In base 5, what is 2334 + -341?
1443
In base 7, what is -5 - -56643?
56635
In base 8, what is 1215 + 1131?
2346
In base 11, what is 4 - 13204?
-13200
In base 8, what is 6 - -4605?
4613
In base 6, what is -4 + 21243?
21235
In base 11, what is 23150 - 4?
23147
In base 10, what is -15 - 29081?
-29096
In base 2, what is 101000111011001110 - 1?
101000111011001101
In base 16, what is -1b + -7b4?
-7cf
In base 11, what is -1937 - 1a6?
-2032
In base 7, what is 20 - 110310?
-110260
In base 8, what is -135303 + 7?
-135274
In base 2, what is 1010100010100011101 - 1?
1010100010100011100
In base 8, what is 7 - -165760?
165767
In base 16, what is -b - dee2?
-deed
In base 3, what is 2221220 - -122?
2222112
In base 5, what is 44221243 + -1?
44221242
In base 3, what is 2120102210 + 12?
2120102222
In base 14, what is 27c5d - -4?
27c63
In base 3, what is 1101220 - -10211?
1112201
In base 12, what is 6 + -85b57?
-85b51
In base 14, what is 562 - 2a?
536
In base 12, what is 1 - -72bb7?
72bb8
In base 13, what is -326 - -15?
-311
In base 16, what is 3 + 13b4f?
13b52
In base 8, what is 4 + 44656?
44662
In base 7, what is -30350 - -13?
-30334
In base 14, what is -1394 - -1d?
-1375
In base 6, what is 12 + -103315?
-103303
In base 4, what is 111110030 + 0?
111110030
In base 5, what is -130 - -1333?
1203
In base 4, what is 12322003330 + 11?
12322010001
In base 13, what is 1 + -23bc?
-23bb
In base 13, what is 55c + 1cb?
75a
In base 4, what is 2 + -3122010020?
-3122010012
In base 6, what is -2321 - -141?
-2140
In base 8, what is -12 - -376561?
376547
In base 3, what is -121 - -101011010?
101010112
In base 3, what is -122200 - 12220?
-212120
In base 6, what is 3311031 + 20?
3311051
In base 4, what is 212202312 + 10?
212202322
In base 6, what is 0 - -4215043?
4215043
In base 12, what is -33 - -1115?
10a2
In base 15, what is -4 + -3300?
-3304
In base 6, what is 3 + 3325145?
3325152
In base 10, what is -4 + -1995?
-1999
In base 7, what is 5 - 532111?
-532103
In base 3, what is 220 - -10100111?
10101101
In base 11, what is -aa + 100a?
a10
In base 9, what is 26821 - 35?
26775
In base 14, what is -2 - -22aa?
22a8
In base 9, what is 4 + 30287?
30302
In base 12, what is -47727 - 6?
-47731
In base 13, what is -74a7 + -7?
-74b1
In base 7, what is -3221032 + -3?
-3221035
In base 11, what is -13a + 869?
72a
In base 4, what is 22023111 + 0?
22023111
In base 6, what is -1 - -11142?
11141
In base 8, what is 3 + 174060?
174063
In base 5, what is 21104 - -2?
21111
In base 11, what is 215 - -66?
280
In base 3, what is 100022101 + -122122?
22122202
In base 2, what is 101 + -1111011010100110?
-1111011010100001
In base 4, what is 2031 - -110022?
112113
In base 16, what is -4e2 + -9b?
-57d
In base 11, what is 3a731 - 4?
3a728
In base 3, what is -2 + -100222000100?
-100222000102
In base 14, what is -290881 + 2?
-29087d
In base 13, what is 455 - 130?
325
In base 12, what is -7 + -1778?
-1783
In base 13, what is 3975 - -13?
3988
In base 10, what is -2 + -1547?
-1549
In base 12, what is -aabb + 0?
-aabb
In base 6, what is 2 - 1413325?
-1413323
In base 10, what is 665 - 12?
653
In base 13, what is -930 + -2?
-932
In base 15, what is a7 - -96e?
a26
In base 8, what is -330524 + 3?
-330521
In base 5, what is 4 + -33201?
-33142
In base 5, what is 124031 - 33?
123443
In base 5, what is -4 + 332411?
332402
In base 3, what is 21200021 + 0?
21200021
In base 14, what is 49a + -23?
477
In base 4, what is 12111231 + -11?
12111220
In base 13, what is 9b0 + 1b?
9cb
In base 16, what is -2d98 + 3?
-2d95
In base 10, what is 25 - -10914?
10939
In base 15, what is 93c6d - 3?
93c6a
In base 3, what is -10 - -121102020212?
121102020202
In base 8, what is -6 - -40761?
40753
In base 5, what is -4034413 - 0?
-4034413
In base 11, what is 5 + 69450a?
694514
In base 13, what is 11 - 227?
-216
In base 8, what is 736725 + -2?
736723
In base 15, what is 0 - -12858?
12858
In base 3, what is -22020 + -210010002?
-210102022
In base 11, what is 1083808 + 3?
1083810
In base 2, what is 100101101111000010111 - 100?
100101101111000010011
In base 6, what is -11534 + 20022?
4044
In base 8, what is 147437 - -2?
147441
In base 5, what is -23100 - -433?
-22112
In base 12, what is 433 - -737?
b6a
In base 6, what is 55302 + 31?
55333
In base 11, what is 2a6 + 3568?
3863
In base 8, what is 227105 - 0?
227105
In base 6, what is -21532 + 0?
-21532
In base 15, what is 34 - -b90?
bc4
In base 11, what is a1686 - -3?
a1689
In base 15, what is 12 + 11379?
1138b
In base 16, what is -665 - -2?
-663
In base 9, what is -2 + -8560?
-8562
In base 15, what is -1346 - -1?
-1345
In base 5, what is -214 + 14003?
13234
In base 7, what is 4 - -126101?
126105
In base 7, what is 65656 - -20?
66006
In base 3, what is 1 + 1002012102?
1002012110
In base 5, what is -14042333 + 43?
-14042240
In base 6, what is -41014 - 1350?
-42404
In base 6, what is 0 - 115325?
-115325
In base 10, what is 11 - -13163?
13174
In base 6, what is -42030 - 20?
-42050
In base 15, what is 45de6 + 4?
45dea
In base 13, what is -13766 + 4?
-13762
In base 3, what is 11 - -20220001?
20220012
In base 12, what is 1a675a4 + -4?
1a675a0
In base 14, what is 32d9 - -10?
3309
In base 14, what is -27809 + -2?
-2780b
In base 9, what is 68 + -1016?
-837
In base 10, what is -405349 - -2?
-405347
In base 14, what is 5070 - -16?
5086
In base 16, what is -5 - -194d?
1948
In base 3, what is -1102002 - 2022?
-1111101
In base 16, what is -1cc + 4b?
-181
In base 7, what is -164120 + -2?
-164122
In base 3, what is 110111200021002 - 2?
110111200021000
In base 4, what is -32233013 - -203?
-32232210
In base 10, what is 111 - 18769?
-18658
In base 15, what is 5 + -b1a3?
-b19d
In base 8, what is 5 + 63351?
63356
In base 6, what is -3 + 25501?
25454
In base 13, what is 7c + 219?
298
In base 11, what is 41 + -261?
-220
In base 6, what is 2 - 1423523?
-1423521
In base 9, what is 2 - -36257?
36260
In base 6, what is 2300504 + 3?
2300511
In base 8, what is 36 + -42663?
-42625
In base 8, what is -241751 - 1?
-241752
In base 11, what is -27 - 1003?
-102a
In base 6, what is 3554152 + -15?
35541